{"id":10,"date":"2019-12-01T18:57:43","date_gmt":"2019-12-01T17:57:43","guid":{"rendered":"https:\/\/opuntia-elaia.com\/?page_id=10"},"modified":"2024-06-09T20:28:29","modified_gmt":"2024-06-09T18:28:29","slug":"contact","status":"publish","type":"page","link":"https:\/\/opuntia-elaia.com\/index.php\/contact\/","title":{"rendered":"RESERVATION"},"content":{"rendered":"\n<h5>POUR RESERVER : <\/h5>\n\n\n\n<p>C\u00e9dric Boutin :  <strong>06 73 68 87 51 (ou depuis l&rsquo;\u00e9tranger +336 73 68 87 51)  <\/strong><\/p>\n\n\n\n<p><strong>N&rsquo;h\u00e9sitez pas \u00e0 m&rsquo;appeler directement ou \u00e0 m&rsquo;envoyer un SMS ; je vous renseignerai avec plaisir et plus pr\u00e9cis\u00e9ment de vive voix ; vous pouvez aussi utiliser WHATSAPP ;<\/strong> <br>si je suis indisponible, ma conjointe Marina Hermouet  :<strong>  06 64 44 49 01<\/strong> <strong>(ou depuis l&rsquo;\u00e9tranger +336 64 44 49 01)<\/strong> <\/p>\n\n\n\n<p>e-mail : <strong>contact[a]opuntia-elaia.com<\/strong> <br>(remplacez [a] par @) <\/p>\n\n\n\n<h5>localisation<\/h5>\n\n\n\n<hr class=\"wp-block-separator\"\/>\n\n\n\n<p><strong>Opuntia<\/strong><br>20 Rue de la Teouliero<br>11200 Escales<\/p>\n\n\n\n<p><strong>Elaia<\/strong><br>7 Chemin de Restocos<br>11200 Tourouzelle<\/p>\n\n\n\n<iframe loading=\"lazy\" src=\"https:\/\/www.google.com\/maps\/d\/embed?mid=16pb1-mZzFF74vIW4HoMGO0_e7dLjUlBS\" width=\"640\" height=\"480\"><\/iframe>\n\n\n\n<p><\/p>\n\n\n\n<hr class=\"wp-block-separator\"\/>\n\n\n\n<div style=\"height:100px\" aria-hidden=\"true\" class=\"wp-block-spacer\"><\/div>\n","protected":false},"excerpt":{"rendered":"<p>POUR RESERVER : C\u00e9dric Boutin : 06 73 68 87 51 (ou depuis l&rsquo;\u00e9tranger +336 73 68 87 51) N&rsquo;h\u00e9sitez pas \u00e0 m&rsquo;appeler directement ou \u00e0 m&rsquo;envoyer un SMS ; [&hellip;]<\/p>\n<p><a href=\"https:\/\/opuntia-elaia.com\/index.php\/contact\/\" class=\"more-link style1-button\">Read More<\/a><\/p>","protected":false},"author":1,"featured_media":0,"parent":0,"menu_order":0,"comment_status":"closed","ping_status":"closed","template":"page-sidebar.php","meta":{"footnotes":""},"class_list":["post-10","page","type-page","status-publish","hentry"],"_links":{"self":[{"href":"https:\/\/opuntia-elaia.com\/index.php\/wp-json\/wp\/v2\/pages\/10"}],"collection":[{"href":"https:\/\/opuntia-elaia.com\/index.php\/wp-json\/wp\/v2\/pages"}],"about":[{"href":"https:\/\/opuntia-elaia.com\/index.php\/wp-json\/wp\/v2\/types\/page"}],"author":[{"embeddable":true,"href":"https:\/\/opuntia-elaia.com\/index.php\/wp-json\/wp\/v2\/users\/1"}],"replies":[{"embeddable":true,"href":"https:\/\/opuntia-elaia.com\/index.php\/wp-json\/wp\/v2\/comments?post=10"}],"version-history":[{"count":16,"href":"https:\/\/opuntia-elaia.com\/index.php\/wp-json\/wp\/v2\/pages\/10\/revisions"}],"predecessor-version":[{"id":1321,"href":"https:\/\/opuntia-elaia.com\/index.php\/wp-json\/wp\/v2\/pages\/10\/revisions\/1321"}],"wp:attachment":[{"href":"https:\/\/opuntia-elaia.com\/index.php\/wp-json\/wp\/v2\/media?parent=10"}],"curies":[{"name":"wp","href":"https:\/\/api.w.org\/{rel}","templated":true}]}}