{"id":583,"date":"2020-03-20T12:03:19","date_gmt":"2020-03-20T11:03:19","guid":{"rendered":"https:\/\/opuntia-elaia.com\/?page_id=583"},"modified":"2020-03-20T12:17:56","modified_gmt":"2020-03-20T11:17:56","slug":"credits","status":"publish","type":"page","link":"https:\/\/opuntia-elaia.com\/index.php\/credits\/","title":{"rendered":"Cr\u00e9dits"},"content":{"rendered":"\n<div style=\"height:100px\" aria-hidden=\"true\" class=\"wp-block-spacer\"><\/div>\n\n\n\n<p>Toutes les images (\u00e9l\u00e9ments graphiques tels que logos, photographies) sont la propri\u00e9t\u00e9 exclusive des propri\u00e9taires du site  <a href=\"https:\/\/opuntia-elaia.com\/\">https:\/\/opuntia-elaia.com\/<\/a> <br><br>Conform\u00e9ment au code de la propri\u00e9t\u00e9 intellectuelle relatiF au droit d&rsquo;auteur, il est strictement interdit d&rsquo;utiliser ces images sans avoir obtenu l&rsquo;accord de leurs propri\u00e9taires.<br><br>R\u00e9alisation du site: <a href=\"http:\/\/vincentboutin.fr\/\">http:\/\/vincentboutin.fr\/<\/a> <br>Photographies: Vincent Boutin \/ C\u00e9dric Boutin<br><br>Design graphique des logos:  <a href=\"http:\/\/vincentboutin.fr\/\">http:\/\/vincentboutin.fr\/<\/a>  <\/p>\n\n\n\n<p><\/p>\n","protected":false},"excerpt":{"rendered":"<p>Toutes les images (\u00e9l\u00e9ments graphiques tels que logos, photographies) sont la propri\u00e9t\u00e9 exclusive des propri\u00e9taires du site https:\/\/opuntia-elaia.com\/ Conform\u00e9ment au code de la propri\u00e9t\u00e9 intellectuelle relatiF au droit d&rsquo;auteur, il [&hellip;]<\/p>\n<p><a href=\"https:\/\/opuntia-elaia.com\/index.php\/credits\/\" class=\"more-link style1-button\">Read More<\/a><\/p>","protected":false},"author":1,"featured_media":0,"parent":0,"menu_order":0,"comment_status":"closed","ping_status":"closed","template":"page-sidebar.php","meta":{"footnotes":""},"class_list":["post-583","page","type-page","status-publish","hentry"],"_links":{"self":[{"href":"https:\/\/opuntia-elaia.com\/index.php\/wp-json\/wp\/v2\/pages\/583"}],"collection":[{"href":"https:\/\/opuntia-elaia.com\/index.php\/wp-json\/wp\/v2\/pages"}],"about":[{"href":"https:\/\/opuntia-elaia.com\/index.php\/wp-json\/wp\/v2\/types\/page"}],"author":[{"embeddable":true,"href":"https:\/\/opuntia-elaia.com\/index.php\/wp-json\/wp\/v2\/users\/1"}],"replies":[{"embeddable":true,"href":"https:\/\/opuntia-elaia.com\/index.php\/wp-json\/wp\/v2\/comments?post=583"}],"version-history":[{"count":0,"href":"https:\/\/opuntia-elaia.com\/index.php\/wp-json\/wp\/v2\/pages\/583\/revisions"}],"wp:attachment":[{"href":"https:\/\/opuntia-elaia.com\/index.php\/wp-json\/wp\/v2\/media?parent=583"}],"curies":[{"name":"wp","href":"https:\/\/api.w.org\/{rel}","templated":true}]}}